5) - 5*4/50. Calculate the remainder when 92 is divided by (-7 - -11) + (-4 - l).
17
Let o(d) = 16*d**2 + 21*d - 4. What is the remainder when 1711 is divided by o(1)?
28
Suppose 3*l + 2377 = -s + 5800, 5*l - 3*s = 5747. What is the remainder when l is divided by 144?
136
Let p(w) = -1299*w + 2946. What is the remainder when p(2) is divided by 189?
159
Suppose -5*k = -b - 5751, 3*k - b - 3202 = 245. Calculate the remainder when k is divided by 25.
2
Suppose 48 = 10*n - 12. Suppose -17 - 199 = -9*q. What is the remainder when (332/n)/((-6)/(-18)) is divided by q?
22
Let f = 538 - 878. Calculate the remainder when ((-2)/(-8)*-5)/(5/f) is divided by 47.
38
Let j = -102 - -124. Calculate the remainder when (-10)/15*(4 + -5 - 125) is divided by j.
18
Calculate the remainder when (8/(-70))/((-16)/(-40)) - 4734/(-7) is divided by 95.
11
Suppose -41 = -4*w - 5*y, 0 = 3*w - 2*w + 2*y - 14. What is the remainder when 2508/(-99)*9*(-1)/2 is divided by w?
2
Suppose 0 = 5*j - 3 - 2. Suppose 0 = 23*w - 5*w - 36. Calculate the remainder when 11 is divided by j/w*(-112)/(-8).
4
Suppose 70818 - 271146 = -68*o. Calculate the remainder when o is divided by 44.
42
Suppose -4*j = 3*t + 17 + 29, 0 = -3*j + 3*t - 24. What is the remainder when (-36)/j*(-15)/(-6) is divided by 4?
1
Let g(d) = -4*d**2 + 19*d + 44. What is the remainder when 808 is divided by g(6)?
10
Let q = 5852 + -5716. What is the remainder when 3534 is divided by q?
134
What is the remainder when 726 is divided by (28/70 + (-1162)/(-20))*6/9?
24
Let m(w) = -w + 35. Let g(p) = 35. Let s(x) = 3*g(x) - 2*m(x). Let j(r) = -r**2 + r - 3. Let t be j(-3). What is the remainder when 16 is divided by s(t)?
1
Let z(o) = -2*o**3 + 47*o**2 - 25*o - 32. What is the remainder when z(11) is divided by 450?
18
Let g(w) = 3*w**2 + 51. Calculate the remainder when g(-7) is divided by 25.
23
Let g = -40157 - -40279. Calculate the remainder when 765 is divided by g.
33
Suppose -4*g = -7*j - 289, 57*j + 300 = 4*g + 61*j. Let l = -9 - -32. What is the remainder when g is divided by l?
5
Let y(b) = -4*b**3 - 49*b**2 - 2*b - 34. What is the remainder when y(-13) is divided by 322?
177
Let q(d) = -d**3 - 20*d**2 + 45*d + 40. Let m be q(-22). Let k = m - -6. Calculate the remainder when 81 is divided by k.
9
Suppose 4*t + 73 + 12 = 3*a, 5*a - 2*t - 165 = 0. Suppose 3*v = 8*v - a. Calculate the remainder when (36/8)/(-9)*-40 is divided by v.
6
Let a = -30714 + 30965. Calculate the remainder when a is divided by 49.
6
Let a(x) = 12*x - 3. Let i = -4991 + 5132. Calculate the remainder when i is divided by a(2).
15
Let r(j) = j**2 + 13*j + 34. Suppose -3*w - o + 8 - 45 = 0, 4*w + 4*o = -60. Let y be r(w). Calculate the remainder when ((-8)/y - (-139)/6)*2 is divided by 8.
5
Let q(d) = -224*d - 1005. Calculate the remainder when q(-8) is divided by 114.
103
Suppose -6 = -5*r + 5*o + 24, -3*r - 2*o = -28. What is the remainder when ((-104)/(-12))/(50/(-15) + 4) is divided by r?
5
Let h be 3/((-9)/24)*-12. Let n = -58 + h. Suppose 100*x - 98*x - n = 0. Calculate the remainder when x is divided by 5.
4
Suppose -15193*q + 136 = -15176*q. Calculate the remainder when ((-11)/(-3))/((-4)/(-24)) is divided by q.
6
Let w(u) be the third derivative of u**5/12 - 11*u**4/24 - u**3/2 - u**2 + 64. Calculate the remainder when 130 is divided by w(4).
31
Suppose -2*r + 5 = -r. Suppose 14*y + 144 = r*y. Calculate the remainder when 57/(1/(y/(-4)) - 0) is divided by 46.
44
Calculate the remainder when 1929 is divided by 37056/(-48)*5/(-20).
192
What is the remainder when 2752 is divided by 1357 + 2*(46/11 - 26/143)?
22
Suppose 0 = -18*c + 17*c + 21. Let p(b) = b**2 - 7*b - 15. Let j be p(9). Calculate the remainder when c is divided by (-1)/j - (-296)/24.
9
Suppose -4*c - 4*r = -156, 0*r + r + 121 = 4*c. Let l(v) = -16*v - 4. What is the remainder when l(-4) is divided by c?
28
Calculate the remainder when 174 is divided by (441/18)/(126/36).
6
Suppose -55*t = 3*t - 5684. Calculate the remainder when 684 is divided by t.
96
Suppose -6*z + 2892 - 542 = 44*z. What is the remainder when 355 is divided by z?
26
Let f be (112/20)/(4/10). Suppose 0 = 16*x - 194 - f. What is the remainder when 30 is divided by x?
4
Let x(k) = 21*k + 129. Let b be x(-6). Suppose -3*c = b*c - 1182. What is the remainder when c is divided by 33?
32
Let f(y) = -y**3 + 4*y**2 + 13*y + 9. Let h(s) = 6*s**2 + 2*s - 2. Let r = 127 - 126. Let q be h(r). What is the remainder when 29 is divided by f(q)?
14
Let l = 38 + -18. Calculate the remainder when (2 - (-54)/(-33))*(-61655)/(-190) is divided by l.
18
Let q(b) = -41*b - 540. What is the remainder when 227 is divided by q(-14)?
23
Let j be (-14)/(-42) - 47/(-3). Suppose 4*b - 4*u - j = 0, 4*u + 5 = 1. Suppose b*z = -2*z + 80. Calculate the remainder when 111 is divided by z.
15
Let g = 1185 - 1122. What is the remainder when g is divided by 13?
11
Suppose 0 = 5*r - 17*i + 20*i - 126, 0 = -4*r + 5*i + 49. Let m = 65 + -8. Suppose 0*u - m = -u. Calculate the remainder when u is divided by r.
15
Let k(r) = -r**2 - r + 21. Suppose -12*o = -10*o - 10. Suppose 0*z - 20 = 5*b + o*z, -3*b - 20 = 5*z. What is the remainder when 41 is divided by k(b)?
20
Suppose -3*y = -11 - 19. Let r = 157 + -120. Let z = -20 + r. What is the remainder when z is divided by y?
7
What is the remainder when 309 is divided by (47 + -42)/((-721)/(-119) + -6)?
54
Let v = -2679 - -2817. What is the remainder when v is divided by 76?
62
Let d be (6/(-9))/(-6 - 434/(-72)). Suppose 0 = -0*v - 3*v + 15. What is the remainder when 102/d*-4 - 0 is divided by v?
2
Suppose 3*r + 3 = -s + 5*r, r = -3*s + 12. Suppose 4*n + 29 - 8 = w, s*n = -w + 28. Calculate the remainder when w is divided by 14.
11
Suppose -743 = -o + 4*s, 0 = -10*s + 9*s + 3. What is the remainder when o is divided by 84?
83
Let s = -1 + 3. Let c(q) = -q**3 + 6*q**2 - 9*q + 6. Let w be c(4). What is the remainder when s is divided by 100/26 - w - (-12)/78?
0
Suppose 13*z + 25*z - 13680 = 0. Suppose -4*n = 5*q - 0*n - z, -q + 72 = -2*n. What is the remainder when q is divided by 25?
22
What is the remainder when (-93120)/(-1600)*-5*6/(-2) is divided by 188?
121
Let v(d) = 3*d**2 + 228*d + 905. Let y = 799 - 473. What is the remainder when y is divided by v(-4)?
39
What is the remainder when ((-79)/(-632))/(1/464) is divided by 5?
3
Suppose 0 = -11*m + 353 - 562. What is the remainder when 282 is divided by m/(133/(-42)) - -7?
9
Let h(v) = -9*v - 2. Let a be h(8). Let y = -67 - a. Suppose 15*f - 64 = y*f. Calculate the remainder when 22 is divided by f.
6
Let v be ((-1)/(-3))/((-1)/(-3)). Let w be 2/(4/14) - (3 - v). Let c(u) = -u**3 + 5*u**2 + 6*u - 11. What is the remainder when c(w) is divided by 3?
1
Let s(y) = -159*y - 2966. Calculate the remainder when 1035 is divided by s(-19).
45
Let o(v) = 4*v**3 + 3*v**2 - 4*v - 6. Let k be o(-2). Calculate the remainder when 52 is divided by (6 + 405/k)*4/(-3).
8
Let g(n) = 2072*n**3 - n**2 - 10*n + 10. Calculate the remainder when g(1) is divided by 37.
36
Suppose -49*f + 10*f + 28962 = -21*f. What is the remainder when f is divided by 14?
13
Let o(r) = -3*r**2 + 11*r. Let z be o(4). Calculate the remainder when 183 is divided by (-250)/z - 29/58.
59
Let y(u) = -u**3 + u**2 - 302*u - 1215. What is the remainder when 16424 is divided by y(-4)?
72
Let o(t) = -t**2 - 19*t + 26. Let z be o(-10). Let j = -46 + z. Calculate the remainder when j is divided by 18.
16
Let m(w) = 2*w**2 + 19*w + 25. Let b be m(-8). Let v(t) = 21*t + 4. Let x = 318 + -220. Calculate the remainder when x is divided by v(b).
23
Suppose -1152*c + 1191*c = 1209. What is the remainder when c is divided by 22?
9
Let b(n) = 2*n**2 + 11*n - 18. Let t be b(-9). Let k = 53 - t. What is the remainder when 22 is divided by k?
6
Suppose 64*d + 1950 = 58*d. Calculate the remainder when 62 is divided by (-12)/(-21) + (-5 - d/7).
20
Let u(l) = -40 - 14*l**2 - l**3 + 18 - 4 - 3*l. What is the remainder when 123 is divided by u(-14)?
11
Let v = 19 - 10. Suppose -4*w = -v*w + 80. Suppose 37 = 2*p + 3*i, w = 5*p - 5*i - 39. Calculate the remainder when 25 is divided by p.
11
Suppose 104*o - 4834 = 1198. Calculate the remainder when 503 is divided by o.
39
Suppose -19384 + 2704 = 474*v - 484*v. Cal